emainder when 2139 is divided by o.
137
Let j = 52 - 22. Let u = -534012 + 534119. What is the remainder when u is divided by j?
17
Let x = -309 - -1478. What is the remainder when x is divided by 141?
41
Let y(m) = 14*m**3 + 12*m**2 - 32*m + 93. Calculate the remainder when y(6) is divided by 12.
9
Suppose -v = 5*i - 3722, 0 = 4*i + 12*v - 15*v - 2951. Calculate the remainder when i is divided by 146.
13
Suppose -v + 2*h = 3*v - 158, 5*v = h + 202. Suppose 2*b + 2*b = -140. Let x = -24 - b. Calculate the remainder when v is divided by x.
8
Suppose 20*h - 3*k + 2765 = 25*h, 0 = -4*h + 5*k + 2212. What is the remainder when h is divided by 63?
49
Calculate the remainder when 385 is divided by ((-14)/35)/(4/15)*-126.
7
Suppose -5*l + 237 = -4*b, -213 = -18*l + 13*l - 4*b. Suppose -5*x + 2221 = -3*w, 3*x - 8*x = -2*w - 2224. What is the remainder when x is divided by l?
41
Let q be 6/24*2*4. Suppose -252 = -4*g - x, 0*g + 202 = 3*g + 4*x. Calculate the remainder when g is divided by q/(((-39)/104)/((-6)/4)).
6
Suppose 3*j - c - 1696 - 1445 = 0, -4*c = -5*j + 5235. Calculate the remainder when j is divided by 361.
325
Let l(z) = 25*z**2 + z. Let x be ((-12)/(-20))/((-3)/(-105)). Suppose 0 = -19*v + x*v + 2. Calculate the remainder when 95 is divided by l(v).
23
Suppose -3*z = -17 + 5, o + 3*z = 14. Suppose 1343 - 1333 = o*y. Calculate the remainder when 61 is divided by y.
1
Suppose -24*u + 11994 = -1326. Let s = u - 399. Calculate the remainder when s is divided by 20.
16
Suppose 29*i - 200 = 9*i. What is the remainder when 83 is divided by (-1287)/(-195)*i/3?
17
Suppose 13*x = -754 + 2327. What is the remainder when x is divided by 11?
0
Let w(n) = 38*n - 21. Let u be w(2). Suppose 8 = k + 48. Let j = k + u. What is the remainder when j is divided by 13?
2
Suppose 10*p - 112 = -a + 35, -5*a - 3*p + 453 = 0. What is the remainder when 1016 is divided by a?
59
Let j(u) = -3*u**3 + 2*u**2 + 151*u + 285. Calculate the remainder when 6552 is divided by j(-2).
12
Suppose 3*l = 4*o - 47, 4*o - 3*l + 79 = 9*o. What is the remainder when (24/(-9))/((-2)/18) is divided by o?
10
Let n be ((-30)/(-40))/(9/(-6))*10. What is the remainder when 127 is divided by (49 + -42)/(1 - n/(-6))?
1
Suppose 14 + 229 = 3*d. Let m(b) = -94*b - 9386. What is the remainder when d is divided by m(-100)?
11
Let t be (-20)/(-1)*25/(-20)*3. Let p = -40 - t. Calculate the remainder when p is divided by 18.
17
Calculate the remainder when 41450/160 - (-4)/(-64) is divided by 24.
19
Let v be -10*(75/(-6) + 5 + -8). Let s = -61 + v. What is the remainder when s is divided by 13?
3
Suppose 5*m + 15*m + 501 = 1741. Calculate the remainder when 990 is divided by m.
60
Let o = -17 + 109. Calculate the remainder when o is divided by (-518)/(-21) - ((-32)/60)/(20/(-25)).
20
Let l(r) = 2*r**3 - 2*r - 1. Let f be l(-2). Let n(y) = -7*y - 16. Suppose -o - 52 = -2*d, 6*o = 2*o. What is the remainder when n(f) is divided by d?
23
Let n(y) = y + 11. Let p(k) = k - 9. Let u be p(0). Let m be n(u). Suppose t - g + 93 = 2*t, 3*g = m*t - 201. Calculate the remainder when t is divided by 14.
12
Let z(y) = 324*y + 11. Let x be z(1). Let n = -148 + x. Calculate the remainder when n is divided by 47.
46
Suppose 0 = -13*y + 25520 - 8412. What is the remainder when y is divided by 88?
84
What is the remainder when (-75)/((-44175)/(-62)) - (-1866)/38 is divided by 2?
1
Suppose 4*d = -3*w + 66, 3*w - 7*w = -2*d - 44. What is the remainder when 43 is divided by w?
1
Suppose 0 = -8*t + 5*t - 120. Let k = -36 - t. Suppose -3*w + 0*j + 9 = -3*j, k*w = -3*j + 47. Calculate the remainder when 46 is divided by w.
6
Let j = 7424 + -7248. What is the remainder when j is divided by 8?
0
Let f(o) be the second derivative of -o**3/6 + 53*o**2/2 - 8*o + 5. What is the remainder when f(20) is divided by 19?
14
Let v = 5 - -66. Suppose -5*u + 3174 = 3*a, 2*u - 5*a + 0*a = 1282. Calculate the remainder when u is divided by v.
68
Let s(n) = 3*n**2 + 4*n - 604. Calculate the remainder when s(16) is divided by 67.
27
Suppose 5*b - 1372 = -4*k, -6*k + 5*k + 4*b = -364. What is the remainder when k is divided by 32?
28
Let m = 159 + -51. Let i = m - 100. Suppose 4*v - i = -4*z, -4*z + 5 = -3*v - 24. What is the remainder when 31 is divided by z?
1
Suppose 44 = x - w, -x + w = 4*x - 220. Let z = x + -52. What is the remainder when 1/z - (-1731)/24 is divided by 19?
15
Let z be -3 + 2*(-77)/2. Let v = z + 265. Suppose 93 = 2*b + 5*g + 31, 124 = 4*b - 4*g. Calculate the remainder when v is divided by b.
30
Suppose -t - 4 = -9*l + 8*l, -5*t = -25. Suppose -24 = -5*m + 6. Let q(z) = 2*z**2 - 6*z + 7. What is the remainder when q(m) is divided by l?
7
Let q(k) = 5 - 29 - 11*k - 3 - 26*k. What is the remainder when q(-4) is divided by 42?
37
Let g be (208/(-3))/((-12)/18). Let b = -51 + g. What is the remainder when b is divided by 42?
11
Calculate the remainder when 268 is divided by 50 - (4 + 10) - (-6)/(-1).
28
Let o(w) = 2*w**2 + 123*w + 539. Calculate the remainder when 1460 is divided by o(-58).
130
Suppose 2*m = -5*t + 1445, -88*t + 5*m + 262 = -87*t. Calculate the remainder when t is divided by 33.
23
Calculate the remainder when 2130/(-50)*(-125)/15 is divided by 19.
13
Let y = 146 - 99. Suppose -5988*v + 5966*v + 2002 = 0. What is the remainder when v is divided by y?
44
What is the remainder when (12*9)/((-10)/(-70)) is divided by 10?
6
Suppose -1806 = 5*o - 6486. Let z = o - 798. Calculate the remainder when z is divided by 38.
24
Suppose 4*m - 7*m - 3*x + 2604 = 0, -10*m + x + 8702 = 0. What is the remainder when m is divided by 125?
120
Let g be -8 + (-5 - 1 - -12). Let y(q) = -13*q**3 - 3*q**2 - 2*q + 1. Calculate the remainder when y(g) is divided by 9.
7
What is the remainder when (-9993)/3*(-66 - -62) is divided by 119?
115
Let h = -44 + 54. Let m be ((-2)/(-4) + -1)/((-9)/216). Suppose -32 = -20*k + m*k. What is the remainder when h is divided by k?
2
Suppose 5*y + 5*c = 13965, 3*y = -5*c - 2018 + 10383. What is the remainder when y is divided by 17?
12
Let q be (-3)/(1 - 224/212). Suppose 0 = -258*c + 259*c - q. What is the remainder when 475 is divided by c?
51
Suppose 5*g - 799 = -3*p, -5*p = 4*g - 0*g - 647. What is the remainder when g is divided by (56/(-84))/((-1)/24)?
14
Let l be ((-1)/3)/((-2)/18). Let u be (0 - 8/6)*l - -4. Suppose 6*g - 77 - 25 = u. Calculate the remainder when g is divided by 4.
1
Suppose -85*f + 80*f - 1173 = -2*u, -3*u + f = -1766. Calculate the remainder when u is divided by 119.
113
Let q be ((-210)/(-25))/((-21)/(-70)). Let c = q + 26. What is the remainder when c is divided by 15?
9
Let i = 25230 - 25064. What is the remainder when 520 is divided by i?
22
Suppose p = -5*s + 2*p - 362, -s - 4*p - 64 = 0. Let l = s + 185. What is the remainder when l is divided by 37?
2
Let s(x) = x**3 + 15*x**2 - 307*x - 3799. Let u be 2/(1/(-19)*2). What is the remainder when s(-11) is divided by 1/(-2 - u/9)?
8
Let o be 172/(-20) - (-6)/10. Let l be o/(-36) + (-204)/(-54). Suppose -l*q - 15 = -9*q. What is the remainder when q is divided by 3?
0
Let k be 79/5 - 1*(-2)/10. Let j(t) = -t**3 + 18*t**2 - 31*t + 10. What is the remainder when j(k) is divided by 22?
4
Let b(a) = -173*a - 1378. Let l be -1 - 230/(-3 - -1). Suppose 30 - l = -4*o. Calculate the remainder when o is divided by b(-8).
3
Let o = -183 + 181. Calculate the remainder when 519/11 + -3*o/(-33) is divided by 17.
13
Suppose -2*t - 4*w = -156, -111 = -2*t + 3*w + 2*w. Suppose -26*s + 220 = -274. What is the remainder when t is divided by s?
11
Let i = 7304 + -5970. What is the remainder when i is divided by 91?
60
Let r = -172 - -125. Let f = r - -148. Calculate the remainder when f is divided by 5.
1
Let s(g) = 2*g**3 - 3*g**2 + 3*g + 4. Let n be s(3). Let p = -29 + n. Let j(c) = c**3 - 10*c**2 - 11*c + 9. Calculate the remainder when 24 is divided by j(p).
6
Suppose -10*g + 8*g = 54. Let a = g - -42. What is the remainder when 56 is divided by a?
11
Let c(d) = 3*d**3 + 5*d**2 + 4*d + 7. Let r = 0 - 4. Let j be c(r). Let v = -62 - j. Calculate the remainder when v is divided by 20.
19
Let p be (27/15)/(2/790). Suppose 0 = 8*t - 33 - p. Let i = -51 + t. What is the remainder when 122 is divided by i?
38
Let l be (56/(-28))/((-2)